t common divisor of 24056 and 2755964.
388
Calculate the highest common divisor of 231043850 and 50.
50
What is the greatest common factor of 68740 and 7420?
140
What is the highest common divisor of 585618 and 171?
57
What is the highest common divisor of 32 and 746608?
16
Calculate the greatest common factor of 38209626 and 11102.
182
What is the highest common divisor of 1435 and 2052190?
35
What is the highest common divisor of 120324 and 211714?
74
Calculate the highest common factor of 120899408 and 56.
56
Calculate the highest common factor of 19723 and 458953.
121
What is the highest common factor of 623217 and 252?
21
What is the greatest common divisor of 45933237 and 83619?
4401
What is the highest common factor of 145 and 53157551?
29
What is the highest common factor of 746613 and 4221?
63
What is the greatest common divisor of 1224348 and 218747?
397
Calculate the highest common divisor of 15732266 and 110.
22
What is the greatest common divisor of 46 and 484114?
2
Calculate the greatest common divisor of 114 and 80195789.
19
Calculate the highest common divisor of 336406 and 1904.
14
What is the highest common factor of 1334 and 7015448?
58
Calculate the highest common factor of 9734 and 12701010.
62
Calculate the highest common factor of 265869 and 147447.
1161
Calculate the greatest common factor of 120472 and 20680.
88
What is the greatest common divisor of 41449063 and 878?
439
Calculate the highest common divisor of 4528163 and 369.
41
What is the greatest common factor of 1328 and 17216690?
166
What is the highest common divisor of 15845498 and 131?
131
Calculate the highest common factor of 2470 and 652436915.
1235
Calculate the greatest common factor of 312 and 114935964.
156
What is the highest common divisor of 9801 and 17486073?
1089
What is the highest common divisor of 459 and 6475572?
459
What is the highest common divisor of 111437216 and 32?
32
Calculate the greatest common factor of 1525888 and 9152.
832
What is the highest common factor of 9864 and 75898?
274
What is the greatest common divisor of 1638558 and 238564?
6278
What is the highest common divisor of 12188587 and 5122?
197
What is the greatest common factor of 10615 and 307068597?
2123
What is the highest common factor of 728 and 30240392?
728
Calculate the greatest common divisor of 170 and 166585.
5
Calculate the greatest common divisor of 36791845 and 71.
71
What is the highest common divisor of 278756 and 73548?
908
What is the greatest common factor of 300 and 2648160?
60
What is the highest common factor of 11224 and 6233?
23
Calculate the greatest common divisor of 8670 and 183090.
510
Calculate the highest common factor of 285260 and 289.
17
Calculate the greatest common factor of 19589305 and 2285.
2285
What is the greatest common factor of 120427725 and 1220?
305
Calculate the greatest common divisor of 102507 and 15651.
141
Calculate the highest common factor of 164312050 and 51448.
12862
What is the highest common factor of 854 and 4130554?
122
What is the highest common divisor of 46368015 and 5?
5
What is the highest common divisor of 1393 and 1555883?
7
What is the highest common factor of 714 and 18673242?
714
What is the greatest common factor of 26692940 and 24345?
2705
What is the greatest common factor of 515320337 and 2006?
1003
Calculate the greatest common factor of 7602490 and 4863.
1621
What is the greatest common divisor of 715255 and 16340?
95
Calculate the greatest common divisor of 67198615 and 55.
55
Calculate the highest common factor of 264 and 31461.
3
Calculate the highest common factor of 3 and 2049777.
3
Calculate the highest common factor of 103460 and 769720.
140
What is the highest common divisor of 328 and 17109874?
82
What is the greatest common divisor of 63159 and 30747?
111
What is the highest common factor of 112728 and 237384?
168
Calculate the greatest common divisor of 78 and 645268.
26
Calculate the highest common factor of 52731887 and 104.
13
What is the highest common divisor of 100897443 and 28068?
7017
What is the greatest common factor of 360 and 74323890?
90
What is the greatest common divisor of 657 and 4661926?
73
Calculate the highest common divisor of 8451434 and 1710679.
11329
Calculate the greatest common factor of 2582932 and 184852.
4996
Calculate the greatest common divisor of 615915 and 909.
9
Calculate the greatest common factor of 509320 and 311780.
2380
Calculate the highest common factor of 10788 and 558672762.
5394
What is the highest common factor of 462 and 95935917?
231
Calculate the greatest common divisor of 20161959 and 3.
3
Calculate the highest common factor of 1250531 and 4354.
311
Calculate the highest common divisor of 58604056 and 8512.
1064
Calculate the greatest common divisor of 14140 and 1148.
28
Calculate the greatest common factor of 60468 and 13599.
3
What is the greatest common divisor of 5502049 and 14?
7
Calculate the highest common divisor of 248850315 and 684.
171
Calculate the highest common divisor of 8 and 15739336.
8
What is the greatest common divisor of 4875 and 2491500?
375
Calculate the highest common divisor of 333203 and 3744611.
923
Calculate the highest common factor of 54 and 37023615.
27
What is the greatest common factor of 195 and 106431?
39
Calculate the greatest common factor of 126 and 966976038.
126
Calculate the greatest common factor of 1080 and 26363670.
30
Calculate the greatest common divisor of 17574784 and 640.
128
What is the greatest common divisor of 2228302 and 17158?
746
What is the highest common factor of 5324 and 236632?
44
What is the greatest common factor of 2147 and 8162191?
19
Calculate the highest common factor of 1416 and 281340084.
708
Calculate the highest common factor of 155648702 and 396.
22
Calculate the highest common divisor of 1486 and 10874.
2
What is the greatest common divisor of 221988 and 102180?
156
What is the highest common factor of 89655 and 371520?
645
What is the highest common factor of 720 and 203640?
120
Calculate the greatest common factor of 1924 and 8333954.
74
Calculate the highest common divisor of 1157 and 476684.
1157
Calculate the greatest common factor of 85880615 and 5.
5
Calculate the greatest common factor of 333 and 32209425.
333
What is the highest common factor of 127049 and 137837?
29
Calculate the greatest common divisor of 152076 and 15143.
19
Calculate the highest common divisor of 360532 and 551739.
521
What is the highest common factor of 274 and 116?
2
What is the highest common divisor of 111555 and 15209?
67
Calculate the highest common factor of 240 and 25420620.
60
Calculate the highest common divisor of 321544 and 352.
8
What is the greatest common factor of 30 and 15018365?
5
What is the greatest common factor of 3776546 and 51706?
502
What is the highest common divisor of 540075 and 2335?
5
What is the greatest common divisor of 4083573 and 741?
39
Calculate the highest common factor of 73102725 and 15.
15
What is the highest common divisor of 190 and 11014452?
38
What is the greatest common divisor of 947075 and 14405?
215
Calculate the highest common divisor of 110 and 908589935.
55
Calculate the greatest common divisor of 66 and 26213374.
22
What is the greatest common factor of 1789228 and 2716?
28
What is the greatest common divisor of 70109 and 3172?
13
Calculate the highest common factor of 7 and 144183571.
7
Calculate the greatest common factor of 1648202 and 47952.
74
Calculate the greatest common divisor of 100 and 7124580.
20
Calculate the greatest common divisor of 181289 and 39004.
199
What is the greatest common divisor of 39 and 860949?
3
Calculate the greatest common factor of 73668754 and 11226.
3742
Calculate the highest common divisor of 277085 and 3398787.
367
What is the greatest common divisor of 4641 and 281099?
91
Calculate the highest common divisor of 383310424 and 3332.
476
Calculate the greatest common divisor of 10478 and 30698928.
806
Calculate the highest common factor of 4780 and 298177356.
956
What is the greatest common divisor of 6966 and 23652666?
774
What is the highest common factor of 99 and 1726227?
9
What is the greatest common divisor of 279 and 2314708?
31
What is the greatest common divisor of 46285 and 114460?
5
What